{"id":24,"date":"2023-01-05T19:22:55","date_gmt":"2023-01-05T19:22:55","guid":{"rendered":"https:\/\/riesenbecker-6stundenlauf.de\/?page_id=24"},"modified":"2023-01-05T20:10:36","modified_gmt":"2023-01-05T20:10:36","slug":"datenschutz","status":"publish","type":"page","link":"https:\/\/riesenbecker-6stundenlauf.de\/index.php\/datenschutz\/","title":{"rendered":"Datenschutz"},"content":{"rendered":"\n<p class=\"has-text-align-left\">Die bei der Anmeldung vom Teilnehmer angegebenen personenbezogenen Daten werden gespeichert und in dem zur Durchf\u00fchrung und Abwicklung der Veranstaltung erforderlichen Umfang verwendet und weitergegeben. Dies gilt<br>ebenfalls f\u00fcr die zur Zahlungsabwicklung notwendigen Daten. Mit der Anmeldung willigt der Teilnehmer einer Speicherung der Daten zu diesem Zweck ein. Name, Vorname, Altersklasse, Jahrgang, Verein oder Ort, Startnummer und Ergebnis (Platzierung, Zeiten, Weiten und H\u00f6hen) des Teilnehmers k\u00f6nnen zur Darstellung von Start \u2013 und Ergebnis-listen in allen relevanten veranstaltungsbegleitenden Medien (Druckerzeugnissen wie Programmheft, Ergebnisheft und Ergebnis-CD sowie im Internet) abgedruckt bzw. ver\u00f6ffentlicht werden. Mit der Anmeldung willigt der Teilnehmer in eine Speicherung und Verwertung der personenbezogenen Daten zu diesem Zweck ein. Gespeicherte personenbezogene Daten k\u00f6nnen gegebenenfalls an einen kommerziellen Dritten zum Zweck der Zeitmessung, Erstellung der Ergebnislisten sowie der<br>Einstellung dieser Listen ins Internet weitergegeben werden. Mit der Anmeldung willigt der Teilnehmer in eine Speicherung und Weitergabe der Daten zu diesem Zweck ein. Die eMail-Adresse wird nur gespeichert, um den Teilnehmern Informationen \u00fcber diese und evtl. zuk\u00fcnftige Veranstaltungen dieses Veranstalters zu geben. Die im Zusammenhang mit der Teilnahme an der Veranstaltung gemachten Fotos, Filmaufnahmen und Interviews des Teilnehmers in Rundfunk, Fernsehen, Printmedien, B\u00fcchern, fotomechanischen<br>Vervielf\u00e4ltigungen k\u00f6nnen vom Veranstalter ohne Anspruch auf Verg\u00fctung verbreitet und ver\u00f6ffentlicht werden. Die eigenen Verwertungsanspr\u00fcche der Teilnehmer oder Urheber bleiben von dieser Regelung unber\u00fchrt. Die<br>Teilnehmer\/ Teilnehmerinnen sowie deren Erziehungsberechtigte k\u00f6nnen der Weitergabe\/ Ver\u00f6ffentlichung der personenbezogenen Daten jederzeit widersprechen.<\/p>\n","protected":false},"excerpt":{"rendered":"<p>Die bei der Anmeldung vom Teilnehmer angegebenen personenbezogenen Daten werden gespeichert und in dem zur Durchf\u00fchrung und Abwicklung der Veranstaltung erforderlichen Umfang verwendet und weitergegeben. Dies giltebenfalls f\u00fcr die zur Zahlungsabwicklung notwendigen Daten. Mit der Anmeldung willigt der Teilnehmer einer Speicherung der Daten zu diesem Zweck ein. Name, Vorname, Altersklasse, Jahrgang, Verein oder Ort, Startnummer [&hellip;]<\/p>\n","protected":false},"author":1,"featured_media":0,"parent":0,"menu_order":0,"comment_status":"closed","ping_status":"closed","template":"","meta":{"footnotes":""},"class_list":["post-24","page","type-page","status-publish","hentry","post-preview"],"_links":{"self":[{"href":"https:\/\/riesenbecker-6stundenlauf.de\/index.php\/wp-json\/wp\/v2\/pages\/24","targetHints":{"allow":["GET"]}}],"collection":[{"href":"https:\/\/riesenbecker-6stundenlauf.de\/index.php\/wp-json\/wp\/v2\/pages"}],"about":[{"href":"https:\/\/riesenbecker-6stundenlauf.de\/index.php\/wp-json\/wp\/v2\/types\/page"}],"author":[{"embeddable":true,"href":"https:\/\/riesenbecker-6stundenlauf.de\/index.php\/wp-json\/wp\/v2\/users\/1"}],"replies":[{"embeddable":true,"href":"https:\/\/riesenbecker-6stundenlauf.de\/index.php\/wp-json\/wp\/v2\/comments?post=24"}],"version-history":[{"count":2,"href":"https:\/\/riesenbecker-6stundenlauf.de\/index.php\/wp-json\/wp\/v2\/pages\/24\/revisions"}],"predecessor-version":[{"id":65,"href":"https:\/\/riesenbecker-6stundenlauf.de\/index.php\/wp-json\/wp\/v2\/pages\/24\/revisions\/65"}],"wp:attachment":[{"href":"https:\/\/riesenbecker-6stundenlauf.de\/index.php\/wp-json\/wp\/v2\/media?parent=24"}],"curies":[{"name":"wp","href":"https:\/\/api.w.org\/{rel}","templated":true}]}}

<p class="has-text-align-left">Die bei der Anmeldung vom Teilnehmer angegebenen personenbezogenen Daten werden gespeichert und in dem zur Durchführung und Abwicklung der Veranstaltung erforderlichen Umfang verwendet und weitergegeben. Dies gilt<br>ebenfalls für die zur Zahlungsabwicklung notwendigen Daten. Mit der Anmeldung willigt der Teilnehmer einer Speicherung der Daten zu diesem Zweck ein. Name, Vorname, Altersklasse, Jahrgang, Verein oder Ort, Startnummer und Ergebnis (Platzierung, Zeiten, Weiten und Höhen) des Teilnehmers können zur Darstellung von Start – und Ergebnis-listen in allen relevanten veranstaltungsbegleitenden Medien (Druckerzeugnissen wie Programmheft, Ergebnisheft und Ergebnis-CD sowie im Internet) abgedruckt bzw. veröffentlicht werden. Mit der Anmeldung willigt der Teilnehmer in eine Speicherung und Verwertung der personenbezogenen Daten zu diesem Zweck ein. Gespeicherte personenbezogene Daten können gegebenenfalls an einen kommerziellen Dritten zum Zweck der Zeitmessung, Erstellung der Ergebnislisten sowie der<br>Einstellung dieser Listen ins Internet weitergegeben werden. Mit der Anmeldung willigt der Teilnehmer in eine Speicherung und Weitergabe der Daten zu diesem Zweck ein. Die eMail-Adresse wird nur gespeichert, um den Teilnehmern Informationen über diese und evtl. zukünftige Veranstaltungen dieses Veranstalters zu geben. Die im Zusammenhang mit der Teilnahme an der Veranstaltung gemachten Fotos, Filmaufnahmen und Interviews des Teilnehmers in Rundfunk, Fernsehen, Printmedien, Büchern, fotomechanischen<br>Vervielfältigungen können vom Veranstalter ohne Anspruch auf Vergütung verbreitet und veröffentlicht werden. Die eigenen Verwertungsansprüche der Teilnehmer oder Urheber bleiben von dieser Regelung unberührt. Die<br>Teilnehmer/ Teilnehmerinnen sowie deren Erziehungsberechtigte können der Weitergabe/ Veröffentlichung der personenbezogenen Daten jederzeit widersprechen.</p>

<p>Die bei der Anmeldung vom Teilnehmer angegebenen personenbezogenen Daten werden gespeichert und in dem zur Durchführung und Abwicklung der Veranstaltung erforderlichen Umfang verwendet und weitergegeben. Dies giltebenfalls für die zur Zahlungsabwicklung notwendigen Daten. Mit der Anmeldung willigt der Teilnehmer einer Speicherung der Daten zu diesem Zweck ein. Name, Vorname, Altersklasse, Jahrgang, Verein oder Ort, Startnummer [&hellip;]</p>
